ulate 6 - (-1 - -9 - (-2 + 7 - 3)).
0
6 + -9 + -7 + 20
10
Calculate 13 + -3 + (-33 + 21 - -17).
15
What is the value of 18 - 3 - (-12 + 23)?
4
-16 + 2 + 6 + 3
-5
What is -4 - -5 - 7 - (5 + 3 + -10)?
-4
-1 + -8 + -7 + 7 + 11
2
What is (10 - (21 - 12)) + 8?
9
What is the value of (2 - 21) + (-39 - -32) + 6?
-20
-1 - 2 - -19 - 16 - (17 - 0)
-17
What is 4 - (2 - (0 + 7 + -2 + -6))?
1
What is the value of (18 - (29 + -10)) + -7 + 0?
-8
1 + -7 + (-1 + 2 - (-2 - -4))
-7
Evaluate 7 + -24 - (46 - 57).
-6
Evaluate 2 + 0 + 0 - 10.
-8
What is the value of 0 - ((-2 - 14) + (5 - -3 - 2))?
10
Calculate -14 + (21 - ((8 - 6) + 9)).
-4
What is the value of (10 - -12) + (57 - 103)?
-24
Evaluate -202 - -209 - (4 + -2 + 10).
-5
What is the value of -28 + -38 + 18 - -22?
-26
Calculate (25 - 63) + 38 + 0 + 12.
12
Calculate -3 - 5 - (-14 - -1).
5
What is 0 - 3 - 0 - (20 + -11)?
-12
Calculate 6 + (-4 - -3) + -22 - -2 - -6.
-9
Calculate 58 + -62 + (0 - (-41 + 9)).
28
What is -21 - -1 - (-21 + (9 - -18 - 17))?
-9
Evaluate (3 - 3) + (-207 - -215).
8
7 + -1 - (0 + -1 - (-10 + 4))
1
Calculate 15 - (-21 - -34) - (-2 + 0 + 2).
2
What is 9 + 6 + 5 + -12 + -4?
4
(-33 + 55 - 54) + 13
-19
Evaluate -2 - -9 - ((8 - 2) + -40 + 38).
3
Evaluate -3 - (-8 - (-1 + 0) - (-102 - -92)).
-6
21 + (-26 - (-15 + 7) - -10)
13
Calculate 1 + (8 - (21 - 8)) + (1 - -8).
5
What is the value of (-2 - -1) + (-19 - -20) + -18?
-18
What is the value of (7 + 21 - 28) + -33?
-33
What is the value of (6 - (29 + 18)) + 19?
-22
0 - 12 - (-401 + 396)
-7
-25 - 2 - (-29 - (-37 - -20))
-15
Evaluate -30 + -2 + (-267 - -322).
23
What is -2 - (10 + -2 + -9 + -4)?
3
What is 7 + (-13 - 3) + 10 + (-1 - -2)?
2
Calculate -14 + 1 + 6 + (0 - -1) + 21.
15
What is 12 + -16 + (-1 - 1 - 4) + -4?
-14
What is the value of (-1 - 4) + (67 - 63)?
-1
What is (9 - (3 + 5)) + -1?
0
What is -11 + (2 - -4) + 1 + 8 - 8?
-4
What is (8 - (10 - -8) - 8) + 3?
-15
What is (-16 - -3 - -7) + (-3 - (-12 + -2))?
5
Calculate 7 + -4 + (14 - 10) - (15 + -5).
-3
4 + 4 + -13 + 0 + -12 + 19
2
Evaluate 2 + 1 + -12 + (-1 - -8) + 23.
21
Calculate 19 + 2 + 212 + -249.
-16
Calculate 32 - ((-47 - -37) + 63).
-21
Calculate 4 - -27 - 38 - (-1 - -8).
-14
Evaluate 1 + (-7 - -6) - ((1 - 2) + 3).
-2
What is 8 + -15 - (-13 - -10) - -10?
6
What is the value of -42 + 2 + 14 + (3 - 0)?
-23
Calculate 8 - (16 - (1 - (-15 + 8))).
0
What is the value of (-6 - -3) + (1 - 4) + 5?
-1
7 - 0 - (1 - -1)
5
Calculate (-3 - -20) + -40 + (0 - -4) + -14.
-33
What is the value of (-8 - -30) + -4 + 1 + (-15 - -15)?
19
Evaluate -1 + -11 - (40 + 23 + -69).
-6
What is the value of 2 + 2 + (-83 - -63)?
-16
Evaluate (-7 - (1 - -5) - -15) + (-13 - 1).
-12
Calculate 0 + 4 - (-133 + 137).
0
What is the value of (10 + -3 - (6 + (-7 - -2))) + -11?
-5
Evaluate -3 - (1 + 2) - (3 + 4 + -8).
-5
Evaluate (-6 - -1 - (31 - (2 + 42))) + 3.
11
Calculate (39 - 24) + -7 + 0 + (10 - 4).
14
Evaluate -20 - (-42 - (-53 + 30)).
-1
Evaluate 2 - 0 - ((-15 - -29) + -14).
2
(19 - -1) + (-25 - -4)
-1
Evaluate -4 - (15 - (-14 - -6)).
-27
What is the value of -12 + 5 - -14 - 2 - 14?
-9
Evaluate -24 + (-11 - (1 + -5)) + (-35 - -35).
-31
Evaluate (27 - (58 + -29) - (-1 - 2)) + -11.
-10
Evaluate (4 - (10 - 0)) + 3 + -2 - 23.
-28
Calculate 23 + -20 - ((-1 - 2) + 1).
5
What is 17 + -13 + -21 + -1 - -6?
-12
-1 + 4 - (-2 - -9)
-4
What is (-9 - -15) + -28 + 18?
-4
Calculate 3 - ((9 - 9) + -6).
9
What is -13 + 21 + 7 + -7 + 0 + -6?
2
Calculate (-41 - -29) + 2 - -2.
-8
What is -14 + -26 - -20 - -8?
-12
What is the value of 19 - (0 + 2 - -16 - 5)?
6
Evaluate 4 - (1 - (-1 + 27 + -8 - 8)).
13
Evaluate 2 - (7 + -1) - (1 + 11).
-16
What is the value of (87 - (42 - -72)) + (-1 - 6)?
-34
What is the value of (1 - -7 - (63 + -53)) + (0 - -1)?
-1
What is the value of -2 + -4 - -7 - (39 + -27) - -3?
-8
What is the value of -2 + -20 + 87 + -51?
14
What is the value of -5 + 5 + (-24 - -22)?
-2
Evaluate 4 + (6 + 6 + -6 - 8 - -2).
4
Evaluate (-3 - -26) + 73 + -88.
8
Calculate -14 + (0 + 4 - (8 - 5 - 2)).
-11
Calculate -20 + ((-4 + 8 - 8) + -3 - -12).
-15
Calculate 18 - (18 - 8) - (8 + 7 - 6).
-1
What is (9 + -8 - 10) + -14 - -4?
-19
Evaluate -38 + 42 - (0 - 7) - 6 - -1.
6
What is the value of (1 - 3) + 0 - (-24 - (3 - 30))?
-5
What is the value of (-25 - (-10 + -4)) + (11 - 2)?
-2
What is 3 - 2 - (29 - 22) - 17 - -6?
-17
What is 36 + -41 + 5 + 0 + -14?
-14
What is the value of -10 + 26 + 1 + -14?
3
What is the value of 2 + 14 + 14 + -24?
6
Evaluate 2 - -5 - ((-15 - 5) + 33).
-6
(-3 - (-11 + -7)) + (-47 - -7)
-25
Calculate -10 - -17 - -14 - 18 - (24 + 0).
-21
-1 + 2 + -3 + -1 + 16
13
Evaluate 2 - ((10 - 5) + (-4 + 4 - 8)).
5
-15 + -12 + 12 + (16 - 23)
-22
What is the value of -1 - (-1 + 33) - ((-113 - -126) + -17)?
-29
What is -9 + 8 + -10 + 15 + 4 + -19?
-11
-17 - (-11 - ((-3 - -4) + -5))
-10
What is -19 + 12 + 6 + -8?
-9
Evaluate -14 + -8 + (-11 - -31).
-2
What is -9 - (-1 + (-1 - (-1 - 5)) - -12)?
-25
What is the value of (-64 - -54) + (2 + -1 - -32) + 9?
32
What is the value of (-140 + 130 - ((2 - 0) + 2)) + 4?
-10
What is (6 - ((20 - 10) + -8)) + 0 + -12?
-8
What is 9 - (7 - (-22 - 10)) - (3 - 1)?
-32
What is 3 + (3 - 6) + 14 + -4?
10
Calculate -8 + 10 + 3 - (3 + 6).
-4
Calculate (18 - 3 - 4) + 2.
13
-17 + (14 - 15 - -9)
-9
Evaluate 18 - (-14 + (66 - 16)).
-18
What is -6 + (-8 - -21) + (-5 - -3) + 19?
24
-9 + 28 + -68 + 69
20
What is (9 - 16) + 1 - -15?
9
Evaluate -7 + (9 - (23 - 10)) + (18 - 0).
7
Calculate -42 + (14 - -8) + -11 + 1 + -9.
-39
Evaluate (1 - -19) + (2 - (-8 - -5 - -3)).
22
Calculate (-45 - (13 + -13 + -15)) + 11.
-19
Calculate 18 - (7 + 10 + -3 + -6).
10
Evaluate -1 + (2 - -3) + 3 + (-14 - 2).
-9
What is the value of -7 - (-1 + -1 - -10) - -10?
-5
Evaluate -41 + (25 - 10) + (1 - 1).
-26
What is the value of -4 + 1 - (54 - (-10 - -44))?
-23
What is the value of (-11 + 2 + 5 - (0 - -10)) + -7?
-21
-14 + (26 - 7 - -6)
11
What is -5 - -3 - (-12 - (3 - (3 + 8)))?
2
(-1 - (9 + 9)) + 8 + -12 + 4
-19
Calculate -1 + (-16 + 26 - 28).
-19
What is (-10 - (-19 + 3)) + 0?
6
What is -17 + 25 - (-1 + 12)?
-3
What is -20 + (7 + -6 + 15 + -9 - 4)?
-17
What is -2 - (-30 - (15 + -38))?
5
-1 - ((-2 - 1) + 0) - (5 - 10)
7
Evaluate -1 - 2 - (8 + -14 - (0 - -4)).
7
What is -1 + 40 + (107 - 132)?
14
What is 37 + -20 + (-2 - (2 + -5 + 4))?
14
What is -12 + 16 + (-3 - (-2 - -5))?
-2
What is (406 - 404) + 0 + 2 + -14?
-10
Evaluate -6 - (-5 + (5 + -7 - (10 - 4))).
7
What is the value of 4 - (5 + -2) - (6 - 1)?
-4
Evaluate 7 + -13 + (-4 - -9) + 1 - 22.
-22
-57 - (-29 - (32 + -30))
-26
Calculate -5 + (-9 - (4 - 7)).
-11
Calculate 3 - 25 - (-40 + 20).
-2
Evaluate (-23 - (-16 + 4)) + (1 - 1).
-11
Calculate 1 - (89 - 85 - (1 + -9)).
-11
Calculate 1 - -7 - -2 - (7 - 12 - -4).
11
What is -10 - (-14 - -21) - -28?
11
Calculate -2 + (-5 - 3) + 17 + (-6 - -6).
7
Evaluate -1 + 6 + (-34 - -11) + 20.
2
What is the value of 4 + -10 + -3 + 21 - 6?
6
Evaluate -11 + 30 + (-14 - -10) - (2 + 0).
13
What is -343 + 324 + (0 - -11)?
-8
What is the value of 16 + (7 - 0) + -13?
10
What is 29 - 23 - (4 + (-3 - 0))?
5
Evaluate 57 + -48 + 18 - 28.
-1
What is the value of 47 + (-47 - -2) + 0 + -15?
-13
Calculate -14 + -4 + 6 - (113 - 126).
1
Calculate (74 - 67) + -6 + (-4 - 1).
-4
What is (-2 + 1 - (-7 + (15 - 6))) + 6?
3
Calculate 105 - (117 - 15) - (12 - -1 - 2).
-8
What is the value of 52 + (3 - 50) + (-2 - (12 + 0))?
-9
What is the value of 8 + -8 + (-1 + -8 - -1)?
-8
What is the value of 10 + -24 + 17 - 15?
-12
What is (9 - 4 - -2) + -6 + 4?
5
What is -13 + -2 + (45 - 14)?
16
What is (25 - (-32 - -59)) + 29?
27
1 - (14 - 17) - 1
3
What is 68 + -59 - (-3 - -2) - 28?
-18
What is 11 + 4 + -8 - (-6 + 6)?
7
Calculate 7 + -13 + 9 + (-5 + -14 - -7).
-9
Evaluate (6 - 30) + 15 - (-4 - 6).
1
What is 0 + (-17 - (-9 + 1)) - 3?
-12
What is the value of (-17 - (-5 + 5 + 5)) + 55 + -52?
-19
What is the value of -22 + (29 - 30) - -17?
-6
(-62 + 16 - -8) + 15 - (-1 - 7)
-15
What is -3 + (-57 - -48 - (1 - 6))?
-7
24 - (1 - (0 + 10) - -5)
28
Calculate -12 - (-17 - -7 - 4).
2
-5 - (4 + -1 - -2 - 29)
19
What is the value of -4 + 13 - (26 - 30)?
13
What is the value of (-6 - (7 + 0 - 7)) + 10?
4
Calculate (11 + -29 - -13) + (1 - (0 + -14)).
10
Calculate 14 + -21 + 3 - (4 + -1 + 1).
-8
(-2